 the prime factors of i?
2, 5
Let j be (0*(-5)/(-10))/2. Suppose 2*a + 378 = 2*t, 3*t + t + 4*a - 772 = j. List the prime factors of t.
191
Let j be 12*2*(-2)/(-4). Let p(m) = 3*m**2 - 3 - 7*m + m**2 - 3*m**2 - 2*m. List the prime factors of p(j).
3, 11
Let i(b) = -3 + 1 + 3*b + 5. Let c be i(3). List the prime factors of c/(-1 + 4) + 69.
73
Let v be 1/2*(17 + -7). Suppose -5*o = -v*n + 615, -5*n - 4*o + o = -639. Suppose 0*c - 3*c = -n. What are the prime factors of c?
2, 3, 7
Suppose 10*z = -10*z + 640. What are the prime factors of z?
2
Let v = -223 + 623. What are the prime factors of v?
2, 5
Let n = -233 + 236. Let x(q) be the first derivative of 5*q**2/2 + q + 2. What are the prime factors of x(n)?
2
Suppose 2*m + 4*r = 7*r - 67, 5*m + 171 = 4*r. Let c = 76 - m. What are the prime factors of c?
3, 37
Suppose -16*k + 7812 = 2*k. List the prime factors of k.
2, 7, 31
Suppose 0 = 3*k - t - 10, -4*k + 5*t = -20 + 3. Suppose 0*m - 110 = -5*m - u, k*m = 3*u + 48. Let j = m + -1. List the prime factors of j.
2, 5
Let l = -117 - -102. Let k be 22/3 - 4/(-6). Let f = k - l. List the prime factors of f.
23
Let x(w) = -181*w - 145. What are the prime factors of x(-4)?
3, 193
Let f(l) = 96*l**2 - 26*l - 127. What are the prime factors of f(-6)?
5, 17, 41
Let f(i) = 147*i - 132. List the prime factors of f(6).
2, 3, 5
Let g(s) = -117*s**2 + 6*s - 1. Let h(f) = 116*f**2 - 7*f + 1. Let m(a) = -7*g(a) - 6*h(a). List the prime factors of m(1).
2, 31
Let n = -41 + 469. List the prime factors of n.
2, 107
Let y = 924 + -655. Suppose 4*d - y = 871. List the prime factors of d.
3, 5, 19
Let l = 1068 + 185. What are the prime factors of l?
7, 179
Suppose 152*w - 159*w = -3521. List the prime factors of w.
503
Let r(a) = 200*a**3 + 6*a**2 - 15*a - 1. What are the prime factors of r(2)?
3, 59
Let j(b) = 45*b**2 + 20*b - 25. List the prime factors of j(-5).
2, 5
Suppose 0 = -88*d + 103*d - 30555. List the prime factors of d.
3, 7, 97
Let u(k) = 8*k**2 + 2*k + 8. Suppose 0*v - 5*x + 19 = -v, v - 4*x = -14. What are the prime factors of u(v)?
2, 7, 11
Let f(v) = -v**3 + v**2 - v. Let j be f(1). Let i = -6 - j. Let n = i + 25. List the prime factors of n.
2, 5
Let r be (-6)/18 + 105/(-9). Let v = 26 + r. Suppose v*g - 18*g = -164. List the prime factors of g.
41
Suppose -3*t - 4*v + 19 = 0, -t + 3*v - v = -3. Let i(z) be the second derivative of z**4/4 - 2*z**3/3 + 3*z**2 + 2*z. List the prime factors of i(t).
61
List the prime factors of ((-4378)/55 - -10)*(-20)/3.
2, 29
Let l be (4 - 4)/(1 + 0). Suppose -6*v + 122 = o - 5*v, l = -2*o + 4*v + 274. What are the prime factors of o?
127
Suppose -1051 - 1077 = -8*r. What are the prime factors of r?
2, 7, 19
Suppose -3*u - 8 = -n - 24, -5*u + 30 = -5*n. Suppose -4*y + 8 = -u*g, 0 = 2*g - 0*g + 8. List the prime factors of y + 2 - -1 - -40.
2, 5
Let i(k) = k - 7. Let b be i(9). Suppose -3*y = b*w - 74, -4*w + 104 = 6*y - 2*y. List the prime factors of y.
2, 11
Suppose -x - 4*x + 8878 = -3*g, -5*g = -3*x + 5314. List the prime factors of x.
2, 7, 127
Let z be -1 - -1 - (94 + 16). Let g = z + 173. Suppose -4*x + g = -69. What are the prime factors of x?
3, 11
Let n = 313 + -145. Suppose 16 = 4*p - 0, -4*y + n = 2*p. What are the prime factors of y?
2, 5
Suppose -p = 2*p - 54. Suppose s - p = -0*s - 2*b, -s + 27 = 5*b. Suppose -3*g + s = d, -d - 3*d + 2*g + 104 = 0. List the prime factors of d.
2, 3
Let l = -37 - 103. Let o = l + 278. What are the prime factors of o?
2, 3, 23
Let r(b) = 35*b**2 - 1. Let o be r(-1). List the prime factors of 0/(6 - 2) + -4 + o.
2, 3, 5
Suppose 13*c = 33 + 6. Suppose 5*h = 2*t + 1104, c*h - 879 = -h + 3*t. What are the prime factors of h?
2, 3, 37
Let g be 90*(3*1 - (-49)/(-21)). Let w = -53 + g. List the prime factors of w.
7
Suppose 220 = 6*o - 296. List the prime factors of o/12 + 3/(-18).
7
Let l(u) = 3*u + 7*u**2 + 8*u - 6 - 3*u - u**3 + u**2. List the prime factors of l(8).
2, 29
Let d = 17 - 19. Let x(j) = 5*j**2 + 2*j. Let s be x(d). Suppose s = 2*n - 5*p, 2*n - 26 = p + 6. List the prime factors of n.
2, 3
Suppose -5*y + 15505 = t, 0 = -5*y + 3*t + 12670 + 2855. What are the prime factors of y?
2, 3, 11, 47
Suppose -3*l - 3 = -2*r, -2*l - 2 = -5*r - 0*l. Suppose r = 5*q - 9 - 6. Suppose q*a + 4*t = a + 24, 44 = 3*a + 2*t. List the prime factors of a.
2
Suppose -5*u - 4397 = -4*s, 25*s - 22*s - 4*u = 3297. List the prime factors of s.
1103
Let m = -2496 + 4238. List the prime factors of m.
2, 13, 67
Let x(l) = 186*l - 232. List the prime factors of x(5).
2, 349
Let r(g) be the third derivative of -g**5/12 - g**4/12 + g**3/3 - 11*g**2. Let a be r(1). List the prime factors of 22/(-55) - 297/a.
59
Suppose 7*a + 55 = 580. List the prime factors of a.
3, 5
Suppose -18*j + 15*j = -1077. List the prime factors of j.
359
Let q(r) = 8*r**2 - r + 8*r**3 - 8*r**3 - 1 + r**3. List the prime factors of q(-7).
5, 11
List the prime factors of 18/4*57822/207.
3, 419
Let s(c) = c**3 + 6*c**2 - 17*c - 9. Let p be s(-8). Let l(m) = 143*m**2 + m. What are the prime factors of l(p)?
2, 71
Let p be (0 + 3)*25/15. Let d(x) = 4*x**2 - 6*x - 4. What are the prime factors of d(p)?
2, 3, 11
Suppose -4*p - 1886 = -2*y, 3*p = 19*y - 20*y + 918. What are the prime factors of y?
3, 311
Let l(d) = d**2 + 17*d - 22. What are the prime factors of l(11)?
2, 11, 13
Let i = 14 + -10. Suppose -3*b + r + 3*r + 80 = 0, -4*r = -i*b + 108. Suppose -b = -3*x - 1. List the prime factors of x.
3
What are the prime factors of (-4)/3 + (-27521)/(-87)?
3, 5, 7
Suppose -24*c + 349 = -24011. What are the prime factors of c?
5, 7, 29
Let j(l) = 2*l**3 + 3*l**2 + l + 3. Let h be j(-4). Let y = h - -134. What are the prime factors of y?
53
Suppose -567 = -5*t + z + 366, t - 174 = -4*z. Suppose 39 = -3*d + t. What are the prime factors of d?
7
Let w = 121 - 23. Suppose 2*f - w = -0*f. What are the prime factors of f?
7
Suppose 3*w + 18 = -0*w. Let r be (12/15)/(4/460). What are the prime factors of (r/(-6))/(w/18)?
2, 23
List the prime factors of 3/(-2)*70422/(-99).
11, 97
Let d(w) be the first derivative of -24*w**2 - 10*w + 42. List the prime factors of d(-2).
2, 43
Let r = 29 - 19. List the prime factors of -14 + r - -3*34.
2, 7
Let y(d) = -16*d + 265. Let j(o) = 4*o - 66. Let m(u) = -9*j(u) - 2*y(u). What are the prime factors of m(-6)?
2, 11
Let k be 3 - ((-2)/7 + (-24)/14). Suppose 184 = k*j + 5*m - 196, 4*j + 2*m = 308. What are the prime factors of j?
2, 3, 13
Let l(c) = c**3 + 8*c**2 + 6*c - 3. Let f be 74/(-10) - (-18)/45. Let p be l(f). Suppose -73 = -p*z + s, z = 3*z + 5*s - 53. What are the prime factors of z?
19
Let m(v) = 2*v**3 - v**2 - 4*v. Let h(r) = r**3 + r. Suppose -2*c = 2*o, 2*o + c = 5*o - 20. Let p(n) = o*h(n) + m(n). List the prime factors of p(2).
2, 3
List the prime factors of 2 - (-9 - -3)*67.
2, 101
Let z = 38 + 1228. What are the prime factors of z?
2, 3, 211
Suppose 41*n = 46*n - 290. Suppose 3*q - 538 = -n. What are the prime factors of q?
2, 5
Let k(h) = h**2 - 10*h + 2. Let x be k(10). Suppose -x*f - 2*f - 36 = 0. Let p(o) = o**3 + 10*o**2 + 9*o + 12. What are the prime factors of p(f)?
2, 3
Let v(i) be the second derivative of -i**3/6 - 7*i**2/2 - 7*i. Let b be v(-6). What are the prime factors of (-17)/(0/(-1) + b)?
17
Let i be 0 - (-117 + 1 - 1). Let f be (8/32)/(1/1016). Suppose -f = -7*j + i. List the prime factors of j.
53
Let i = 9977 - 6007. What are the prime factors of i?
2, 5, 397
Let o(r) = -2*r - 3. Let w(c) = -5*c + 1. Let a be w(1). Let j be o(a). Suppose -55 = -j*u + 25. What are the prime factors of u?
2
Let w(s) = -s + 18. Let k be w(14). Suppose k*t - 23 + 3 = 0. Suppose -t*d = -4*a - 31, -3*d + 2*a = -d - 12. What are the prime factors of d?
7
List the prime factors of (-5536)/(-28) - (-14)/49.
2, 3, 11
Let z(i) = 26*i + 18. List the prime factors of z(5).
2, 37
Suppose 5*m + 3*v = 10, 2*v - 15 = -2*m - 3*m. Suppose 0*w = 4*b - 4*w - 12, m*b = 3*w + 21. Let c = b + 13. What are the prime factors of c?
19
Let n be (-4 + 123/(-6))/((-2)/4). Let v = -16 + 9. Let q = n + v. What are the prime factors of q?
2, 3, 7
Let t be (-2)/(-6) - 48/(-18). Suppose 2*c - a = 8, 0 = t*c - 5*a - 15 - 11. Suppose 0 = -r + c*r + 4*g - 70, -3*g = -4*r + 280. List the prime factors of r.
2, 5, 7
Sup